14 and 973?
7
Calculate the highest common factor of 36 and 1143.
9
What is the highest common factor of 546 and 105?
21
What is the greatest common divisor of 441 and 5?
1
What is the greatest common factor of 12 and 384?
12
Calculate the greatest common divisor of 2073 and 1.
1
Calculate the highest common factor of 9694 and 74.
74
What is the highest common divisor of 64 and 152?
8
What is the greatest common divisor of 2296 and 112?
56
Calculate the highest common divisor of 198 and 924.
66
Calculate the highest common factor of 154 and 868.
14
Calculate the greatest common factor of 172 and 100.
4
What is the greatest common divisor of 208 and 1235?
13
What is the greatest common factor of 17644 and 88?
44
What is the highest common divisor of 448 and 98?
14
What is the greatest common factor of 549 and 9?
9
What is the greatest common factor of 1529 and 44?
11
Calculate the greatest common divisor of 450 and 72.
18
Calculate the highest common divisor of 20376 and 6.
6
Calculate the highest common factor of 96 and 1024.
32
What is the greatest common divisor of 24 and 112?
8
What is the highest common divisor of 66 and 66?
66
What is the highest common divisor of 525 and 21?
21
What is the greatest common factor of 3441 and 296?
37
Calculate the greatest common factor of 345 and 529.
23
Calculate the highest common divisor of 248 and 465.
31
Calculate the highest common factor of 77 and 99.
11
Calculate the highest common divisor of 73 and 4.
1
What is the greatest common factor of 340 and 2516?
68
What is the highest common factor of 12 and 9978?
6
What is the greatest common divisor of 4536 and 189?
189
Calculate the highest common divisor of 1 and 7.
1
What is the greatest common divisor of 432 and 32?
16
Calculate the highest common factor of 3912 and 384.
24
What is the greatest common factor of 145 and 4495?
145
What is the highest common divisor of 11395 and 1075?
215
Calculate the highest common factor of 14 and 42.
14
What is the highest common divisor of 54 and 1818?
18
Calculate the greatest common factor of 615 and 15.
15
What is the greatest common divisor of 77 and 2653?
7
Calculate the highest common factor of 234 and 8918.
26
What is the highest common divisor of 162 and 1296?
162
Calculate the highest common factor of 154 and 242.
22
What is the highest common divisor of 204 and 636?
12
Calculate the highest common divisor of 1025 and 25.
25
Calculate the greatest common divisor of 2142 and 6.
6
What is the highest common factor of 328 and 2214?
82
Calculate the highest common factor of 72 and 798.
6
Calculate the highest common divisor of 17 and 493.
17
Calculate the highest common divisor of 1750 and 70.
70
Calculate the highest common factor of 51 and 17.
17
What is the greatest common factor of 902 and 22?
22
Calculate the highest common factor of 748 and 24.
4
What is the highest common factor of 1702 and 370?
74
Calculate the greatest common divisor of 105 and 150.
15
Calculate the highest common factor of 24 and 56.
8
Calculate the highest common factor of 171 and 152.
19
What is the greatest common divisor of 9 and 1347?
3
Calculate the highest common divisor of 132 and 45716.
44
What is the greatest common divisor of 324 and 621?
27
What is the highest common factor of 48 and 176?
16
Calculate the greatest common divisor of 63 and 14826.
21
Calculate the greatest common factor of 92 and 23.
23
Calculate the greatest common factor of 40 and 470.
10
What is the highest common divisor of 180 and 1140?
60
What is the highest common divisor of 54 and 54?
54
Calculate the greatest common factor of 5 and 425.
5
Calculate the highest common factor of 119 and 119.
119
Calculate the greatest common factor of 116 and 957.
29
Calculate the highest common factor of 16 and 1552.
16
Calculate the greatest common factor of 21 and 11025.
21
Calculate the greatest common factor of 5725 and 25.
25
Calculate the highest common factor of 30 and 730.
10
Calculate the highest common factor of 15004 and 726.
242
What is the highest common factor of 58 and 29?
29
What is the highest common factor of 18 and 27?
9
Calculate the greatest common factor of 84 and 231.
21
Calculate the greatest common factor of 12855 and 75.
15
Calculate the greatest common divisor of 2223 and 234.
117
Calculate the highest common factor of 165 and 240.
15
Calculate the greatest common divisor of 66 and 121.
11
What is the greatest common factor of 2519 and 22?
11
What is the greatest common divisor of 60 and 24?
12
What is the highest common divisor of 803 and 11?
11
Calculate the greatest common factor of 14780 and 20.
20
What is the greatest common divisor of 15 and 380?
5
What is the greatest common factor of 264 and 253?
11
What is the highest common factor of 29 and 71?
1
Calculate the greatest common divisor of 380 and 133.
19
What is the highest common divisor of 4 and 12?
4
Calculate the highest common factor of 145 and 29.
29
What is the highest common factor of 165 and 143?
11
What is the highest common factor of 16 and 16?
16
Calculate the highest common divisor of 30 and 5440.
10
What is the greatest common factor of 340 and 4590?
170
Calculate the greatest common factor of 765 and 51.
51
What is the highest common divisor of 4216 and 952?
136
Calculate the greatest common divisor of 112 and 376.
8
Calculate the highest common divisor of 18 and 4374.
18
What is the highest common factor of 65 and 135?
5
What is the highest common factor of 26 and 8749?
13
Calculate the highest common divisor of 1287 and 585.
117
What is the greatest common divisor of 26 and 2795?
13
What is the highest common divisor of 21 and 15687?
21
Calculate the highest common divisor of 1887 and 222.
111
What is the greatest common divisor of 343 and 4?
1
What is the greatest common divisor of 800 and 120?
40
Calculate the greatest common divisor of 45 and 8379.
9
Calculate the highest common divisor of 20 and 640.
20
What is the highest common divisor of 40 and 460?
20
What is the highest common factor of 356 and 8989?
89
What is the highest common factor of 480 and 2720?
160
Calculate the greatest common factor of 370 and 703.
37
What is the highest common divisor of 159 and 6?
3
What is the greatest common divisor of 301 and 129?
43
What is the greatest common divisor of 231 and 4323?
33
Calculate the greatest common divisor of 230 and 15.
5
What is the highest common factor of 78 and 663?
39
Calculate the highest common divisor of 198 and 36.
18
What is the greatest common factor of 43 and 14491?
43
Calculate the greatest common divisor of 3 and 21.
3
Calculate the highest common divisor of 1302 and 6.
6
What is the greatest common divisor of 42 and 434?
14
What is the greatest common factor of 13 and 65?
13
Calculate the highest common divisor of 1131 and 78.
39
What is the highest common factor of 52 and 8892?
52
What is the greatest common factor of 33 and 1749?
33
Calculate the greatest common divisor of 1102 and 1406.
38
Calculate the greatest common divisor of 96 and 1056.
96
What is the highest common divisor of 35 and 1120?
35
What is the greatest common divisor of 7099 and 31?
31
Calculate the highest common divisor of 60 and 375.
15
Calculate the highest common divisor of 163 and 2.
1
Calculate the greatest common factor of 51 and 663.
51
What is the greatest common factor of 36365 and 35?
35
Calculate the greatest common divisor of 21 and 525.
21
Calculate the greatest common factor of 17306 and 306.
34
What is the highest common factor of 1310 and 10?
10
What is the highest common divisor of 4 and 22?
2
Calculate the highest common factor of 126 and 144.
18
Calculate the greatest common divisor of 476 and 132.
4
What is the highest common factor of 82 and 492?
82
Calculate the greatest common factor of 42 and 3255.
21
Calculate the highest common divisor of 36 and 16.
4
What is the highest common divisor of 11 and 2431?
11
What is the highest common divisor of 12 and 32106?
6
What is the highest common divisor of 169 and 52?
13
What is the greatest common divisor of 20 and 4820?
20
What is the greatest common factor of 11342 and 212?
106
Calculate the greatest common factor of 2338 and 28.
14
Calculate the highest common divisor of 768 and 228.
12
What 